 3*j = -g + 10, 3*j = -5*g + 52 - 2. Suppose -g*d = -6*d - 20. List the prime factors of f(d).
2, 3
Suppose 4*d - 1348 = -4*s, s + 497 - 164 = d. What are the prime factors of d?
5, 67
Let a(o) = o**3 + 15*o**2 + 21*o - 14. List the prime factors of a(-13).
3, 17
Let u be ((-6 - 2) + 4)*14/(-8). Let f = 49 + u. List the prime factors of f.
2, 7
Let z(i) = i**3 - i**2 - 20*i - 10. List the prime factors of z(7).
2, 3
Let l = -38 + 43. Suppose -3*g = -1 - 5. What are the prime factors of g/l + 252/20?
13
Let c be (1 - -61) + (-3)/((-6)/4). Let p = c - 11. List the prime factors of p.
53
Let h(x) = -3*x**3 - 4*x**2 + 6*x - 7. List the prime factors of h(-5).
2, 7, 17
Suppose -s + 22 = 3*w + w, -5*w = s - 27. Suppose -5*l - 60 = s*p, -3*l + 4*p = l + 20. Let r = 19 + l. List the prime factors of r.
3
Let h = -11 - -18. Suppose 5*q + 5 = 0, h*v - 133 = 4*v - 5*q. List the prime factors of v.
2, 23
Let r(j) = j**3 + 5*j**2 - 9*j - 3. Let p be r(-6). Suppose -3*f + 15 = 2*c - p, 0 = 5*c - f - 109. What are the prime factors of c?
3, 7
Let u = 2357 + -1170. List the prime factors of u.
1187
Let u(k) = -6*k - 25. Let x(n) = -6*n - 25. Let b(q) = -4*u(q) + 3*x(q). List the prime factors of b(6).
61
Suppose -2*t + 4352 = -15*o + 11*o, -2*o - 6536 = -3*t. What are the prime factors of t?
2, 5, 109
Let g = 35 + -30. Suppose 9*r - 204 = g*r. Let x = 126 - r. List the prime factors of x.
3, 5
Let f be (-133)/(-5) - (-4)/10. Suppose 44*u - 30 = 34*u. Suppose u*b - f - 18 = 0. List the prime factors of b.
3, 5
Let y be (-8)/(-8) + (-1 - -4). Suppose -y*f = -21 - 195. What are the prime factors of f?
2, 3
Suppose 106*c - 117*c = -11506. List the prime factors of c.
2, 523
Let g be 4 - 2/8*4. Suppose 273 = g*o + l, -2*o - l - 81 = -264. What are the prime factors of o?
2, 3, 5
Let r = 407 + -96. What are the prime factors of r?
311
Suppose 2*j - 2 + 0 = 0, 0 = -3*k + 5*j + 8731. What are the prime factors of k?
2, 7, 13
Suppose y = -0*y + 6. Suppose 2*r - y = 0, 5*n - 5*r - 499 + 94 = 0. Suppose n = 2*t + 10. What are the prime factors of t?
37
Suppose -2*w + 1542 + 710 = 0. List the prime factors of w.
2, 563
Let r(a) = 4*a + 8*a - 1 + 6. What are the prime factors of r(5)?
5, 13
Let l(n) = n**3 - 30*n**2 + 29*n - 16. What are the prime factors of l(30)?
2, 7, 61
Let z(r) = -r**2 + 13*r + 4. Let v be z(12). Let o = v - 11. Suppose 107 = o*h - 48. What are the prime factors of h?
31
Suppose -3*y + 35 = 4*y. Suppose -y*o = -4*o - 24. What are the prime factors of o?
2, 3
Let s(b) = 3*b**2. Suppose 4 = 4*a + 2*v - 6, -2*a + 3*v = -17. Let k be s(a). Let z = k - 28. List the prime factors of z.
2, 5
Let l = -306 + 1578. List the prime factors of l.
2, 3, 53
Suppose -3*j = 2*j - 10, 2*w + 2 = 5*j. List the prime factors of 0/3 + ((-560)/w)/(-5).
2, 7
Let h = -2 + -48. Let q = h - -72. List the prime factors of q.
2, 11
Suppose 0 = 4*z - 136 - 0. Suppose z*a + 148 = 30*a. Let c = 16 - a. What are the prime factors of c?
53
Suppose 4*v + r = 3163, -v + 3*v - 1595 = -5*r. What are the prime factors of v?
2, 5, 79
Suppose 19*m = -m + 110660. What are the prime factors of m?
11, 503
Let l be (-1 + 3)*(3 + -1). Suppose -l*p + 477 = -p. Suppose p = -2*g + 5*g. What are the prime factors of g?
53
List the prime factors of (-642)/(-18) - 1/(-3).
2, 3
Let u(h) be the second derivative of 0 - 5*h + 15/2*h**2 - 1/3*h**3. What are the prime factors of u(0)?
3, 5
What are the prime factors of 464 - (-27 + 7)/2?
2, 3, 79
Suppose 0*u - 1936 = -4*u. Suppose -134 + u = 5*q. Let y = q - 47. What are the prime factors of y?
23
Let s be (2/6 - 0)*-6. Let r be 104 + (-3 - s - -5). Suppose -9*v = -6*v - r. List the prime factors of v.
2, 3
Let s(z) = -2*z. Let j be s(-2). Suppose 0 = j*l - 114 - 62. What are the prime factors of l?
2, 11
Let p(y) = 503*y + 750. List the prime factors of p(6).
2, 3, 157
Let m(h) = -h - 12. Let y be m(-12). Suppose -5*f + 10 = 0, 3*f = -y*r - 5*r + 331. List the prime factors of r.
5, 13
What are the prime factors of (56/16 - 2)*(-30010)/(-15)?
3001
Suppose -g = 0, 2*x + 1 = -4*g + 3. Suppose -6 = -5*y - x. What are the prime factors of (4/1)/(y/1)?
2
Suppose -819 = -4*n + 3793. Suppose -5*h = -n + 163. What are the prime factors of h?
2, 3, 11
What are the prime factors of 5 + 80 + 36/(-9)?
3
Let u be (66/9)/((-2)/(-3)). Suppose u*f + 198 = 12*f. List the prime factors of f.
2, 3, 11
Let l be 51/(-17)*4/(-3). Suppose -l*a + 7*a = 132. List the prime factors of a.
2, 11
Suppose 4*n - 9*n = 280. List the prime factors of ((-147)/28)/(3/n).
2, 7
Suppose 0 = -2*f + 129 + 95. List the prime factors of f.
2, 7
Let n(r) = -9*r - 24. Let k(l) = -5*l - 12. Let x(f) = 5*k(f) - 3*n(f). Let m = -8 + 18. What are the prime factors of x(m)?
2
Suppose -l + 1340 = 179. List the prime factors of l.
3, 43
Let p = 45 - 42. Suppose p*c + 488 = 11*c. What are the prime factors of c?
61
Let f(r) be the second derivative of r**3/3 - 13*r**2/2 - 11*r. Let d be f(19). Let b = d - -24. List the prime factors of b.
7
Suppose 3 = d, 5*r + 6*d = 4*d + 3331. What are the prime factors of r?
5, 7, 19
List the prime factors of 3/(-9) - (4 + 1810/(-3)).
599
List the prime factors of ((-44)/3 - -1)/((-7)/252).
2, 3, 41
Let y(m) be the third derivative of -m**6/120 + m**4/12 - 3*m**3/2 - 4*m**2. What are the prime factors of y(-4)?
47
List the prime factors of 3/9 - (8608/(-6) - -2).
1433
Let q(w) = -173*w + 1. Let v(b) = -86*b + 1. Let i(y) = 3*q(y) - 5*v(y). List the prime factors of i(-1).
3, 29
Suppose 4*f - 6 = 14. Let d(z) be the third derivative of z**5/30 + z**4/12 + 2*z**3/3 - 5*z**2. List the prime factors of d(f).
2
Let l = -19 + 14. Let f = l - -4. What are the prime factors of ((-5)/2)/(f/2)?
5
Let o(j) = 143*j - 150. What are the prime factors of o(9)?
3, 379
Let y be (-10)/15*(0 + 153/(-3)). Let p = y + 116. What are the prime factors of p?
2, 3, 5
Let t be 274/(-3) + 8/24. Let u = -60 - t. What are the prime factors of u?
31
Let d(i) = -2*i**3 - 15*i**2 - 9*i - 3. What are the prime factors of d(-9)?
3, 107
Let z = -63 - -77. Suppose 0 = -z*r + 863 + 187. List the prime factors of r.
3, 5
Suppose -6*j - 1 + 13 = 0. Suppose -4*s - 3*f = -4*f - 182, 5*s - 221 = -j*f. List the prime factors of s.
3, 5
Suppose 12*c - 15*c + 2112 = 0. What are the prime factors of c?
2, 11
Let z = -74 - -76. What are the prime factors of 5912/88 - z/11?
67
Let h = 1368 + -793. What are the prime factors of h?
5, 23
Let k(f) = 40*f - 158. List the prime factors of k(30).
2, 521
Suppose 0 = p - 3*c - 4259, -5*p - 2*c - c = -21331. List the prime factors of p.
5, 853
Let r(d) = -d**3 - 6*d**2 - 8*d + 2. Let f be r(-6). Let z = -30 + f. What are the prime factors of z?
2, 5
Let l(b) = -5*b - 1. Let y be l(-1). Suppose 3*n - n = y. Suppose n*f - 32 = -6. What are the prime factors of f?
13
Suppose 6*g - 375 = 219. What are the prime factors of g?
3, 11
Suppose -6*d + 11*d - 40 = 0. Let h = 74 - d. Suppose 3*t - 21 = h. What are the prime factors of t?
29
Let b(j) = -j**2 + 13*j - 15. Let m(z) = z**2 - 6*z + 7. Let l(v) = 6*b(v) + 13*m(v). Let g be l(1). Let p = g - -1. List the prime factors of p.
3
Let z(j) = -j - 5. Let n be z(6). Let k(g) = -g**2 - 14*g + 11. Let s be k(n). Suppose 0 = -4*m + s + 20. List the prime factors of m.
2
Suppose -2*t - 17784 = -4*b + 2*t, 2*b + t - 8883 = 0. List the prime factors of b.
3, 1481
Suppose 2*t = 2*w - 6622, 0 = 3*w - 4*t - 5028 - 4907. List the prime factors of w.
3, 1103
Suppose 5*b = 4*v + v + 380, 0 = -2*b - 2*v + 140. Suppose 2*w = -5*r - 8 + b, -1 = r. List the prime factors of w.
5, 7
Suppose 15 = 2*x + x. Suppose -2*i - 161 + 555 = x*j, 5*j - 2*i = 406. What are the prime factors of j?
2, 5
Let l = 7857 + -4575. What are the prime factors of l?
2, 3, 547
Let z(t) = -1000*t**2 + 1038*t**2 - 8*t - 2 + 2*t. What are the prime factors of z(-2)?
2, 3
Let q be (-1)/2*(-672)/7. Let d = 87 - q. What are the prime factors of d?
3, 13
Let b(x) = 5*x + 23. Let h be b(-7). What are the prime factors of (-414)/(-4) + 6/h + 1?
2, 13
Suppose 4*x = 2*x + 102. Let h = x - -44. What are the prime factors of h?
5, 19
List the prime factors of (1048 - (9 + -4)) + 0.
7, 149
Suppose 4*g = v, v + 3*g + 0*g = 0. Let a(b) = b**2 - 2*b + 21. What are the prime factors of a